CRAN Package Check Results for Package tab

Last updated on 2024-06-20 00:59:48 CEST.

Flavor Version Tinstall Tcheck Ttotal Status Flags
r-devel-linux-x86_64-debian-clang 5.1.1 17.94 138.61 156.55 NOTE
r-devel-linux-x86_64-debian-gcc 5.1.1 13.20 100.17 113.37 NOTE
r-devel-linux-x86_64-fedora-clang 5.1.1 192.77 NOTE
r-devel-linux-x86_64-fedora-gcc 5.1.1 194.52 NOTE
r-devel-windows-x86_64 5.1.1 15.00 111.00 126.00 NOTE
r-patched-linux-x86_64 5.1.1 19.29 127.99 147.28 NOTE
r-release-linux-x86_64 5.1.1 15.89 130.27 146.16 NOTE
r-release-macos-arm64 5.1.1 56.00 NOTE
r-release-macos-x86_64 5.1.1 89.00 NOTE
r-release-windows-x86_64 5.1.1 15.00 116.00 131.00 NOTE
r-oldrel-macos-arm64 5.1.1 60.00 OK
r-oldrel-macos-x86_64 5.1.1 100.00 OK
r-oldrel-windows-x86_64 5.1.1 20.00 136.00 156.00 OK

Check Details

Version: 5.1.1
Check: Rd files
Result: NOTE checkRd: (-1) tabmulti.Rd:68: Lost braces 68 | \\code{yvarlabels = list(race = "Race/ethnicity", age_yrs = "Age (years)")}.} | ^ checkRd: (-1) tabmulti.svy.Rd:67: Lost braces 67 | \\code{yvarlabels = list(race = "Race/ethnicity", age_yrs = "Age (years)")}.} | ^ Flavors: r-devel-linux-x86_64-debian-clang, r-devel-linux-x86_64-debian-gcc, r-devel-linux-x86_64-fedora-clang, r-devel-linux-x86_64-fedora-gcc, r-devel-windows-x86_64, r-patched-linux-x86_64, r-release-linux-x86_64, r-release-macos-arm64, r-release-macos-x86_64, r-release-windows-x86_64