CRAN Package Check Results for Package tabulator

Last updated on 2021-10-21 00:50:02 CEST.

Flavor Version Tinstall Tcheck Ttotal Status Flags
r-devel-linux-x86_64-debian-clang 1.0.0 4.27 44.85 49.12 NOTE
r-devel-linux-x86_64-debian-gcc 1.0.0 3.50 33.61 37.11 NOTE
r-devel-linux-x86_64-fedora-clang 1.0.0 67.87 NOTE
r-devel-linux-x86_64-fedora-gcc 1.0.0 56.41 NOTE
r-devel-windows-x86_64 1.0.0 9.00 52.00 61.00 NOTE
r-devel-windows-x86_64-gcc10-UCRT 1.0.0 NOTE
r-patched-linux-x86_64 1.0.0 3.17 41.63 44.80 NOTE
r-patched-solaris-x86 1.0.0 82.80 NOTE
r-release-linux-x86_64 1.0.0 4.38 41.92 46.30 NOTE
r-release-macos-arm64 1.0.0 NOTE
r-release-macos-x86_64 1.0.0 NOTE
r-release-windows-ix86+x86_64 1.0.0 15.00 60.00 75.00 NOTE
r-oldrel-macos-x86_64 1.0.0 NOTE
r-oldrel-windows-ix86+x86_64 1.0.0 11.00 62.00 73.00 OK

Check Details

Version: 1.0.0
Check: LazyData
Result: NOTE
     'LazyData' is specified without a 'data' directory
Flavors: r-devel-linux-x86_64-debian-clang, r-devel-linux-x86_64-debian-gcc, r-devel-linux-x86_64-fedora-clang, r-devel-linux-x86_64-fedora-gcc, r-devel-windows-x86_64, r-devel-windows-x86_64-gcc10-UCRT, r-patched-linux-x86_64, r-patched-solaris-x86, r-release-linux-x86_64, r-release-macos-arm64, r-release-macos-x86_64, r-release-windows-ix86+x86_64

Version: 1.0.0
Check: dependencies in R code
Result: NOTE
    Namespaces in Imports field not imported from:
     ‘stringr’ ‘tibble’
     All declared Imports should be used.
Flavors: r-devel-linux-x86_64-fedora-clang, r-devel-linux-x86_64-fedora-gcc, r-devel-windows-x86_64-gcc10-UCRT, r-patched-solaris-x86, r-release-macos-arm64, r-release-macos-x86_64, r-oldrel-macos-x86_64