Last updated on 2023-09-25 00:00:03 CEST.
Flavor | Version | Tinstall | Tcheck | Ttotal | Status | Flags |
---|---|---|---|---|---|---|
r-devel-linux-x86_64-debian-clang | 0.1.1 | 2.14 | 23.35 | 25.49 | NOTE | |
r-devel-linux-x86_64-debian-gcc | 0.1.1 | 1.59 | 18.35 | 19.94 | NOTE | |
r-devel-linux-x86_64-fedora-clang | 0.1.1 | 32.76 | NOTE | |||
r-devel-linux-x86_64-fedora-gcc | 0.1.1 | 45.94 | NOTE | |||
r-devel-windows-x86_64 | 0.1.1 | 4.00 | 42.00 | 46.00 | NOTE | |
r-patched-linux-x86_64 | 0.1.1 | 1.73 | 22.65 | 24.38 | NOTE | |
r-release-linux-x86_64 | 0.1.1 | 1.65 | 22.60 | 24.25 | NOTE | |
r-release-macos-arm64 | 0.1.1 | 23.00 | NOTE | |||
r-release-macos-x86_64 | 0.1.1 | 31.00 | NOTE | |||
r-release-windows-x86_64 | 0.1.1 | 4.00 | 42.00 | 46.00 | NOTE | |
r-oldrel-macos-arm64 | 0.1.1 | 15.00 | NOTE | |||
r-oldrel-macos-x86_64 | 0.1.1 | 23.00 | NOTE | |||
r-oldrel-windows-x86_64 | 0.1.1 | 6.00 | 43.00 | 49.00 | NOTE |
Version: 0.1.1
Check: LazyData
Result: NOTE
'LazyData' is specified without a 'data' directory
Flavors: r-devel-linux-x86_64-debian-clang, r-devel-linux-x86_64-debian-gcc, r-devel-linux-x86_64-fedora-clang, r-devel-linux-x86_64-fedora-gcc, r-devel-windows-x86_64, r-patched-linux-x86_64, r-release-linux-x86_64, r-release-macos-arm64, r-release-macos-x86_64, r-release-windows-x86_64, r-oldrel-macos-arm64, r-oldrel-macos-x86_64, r-oldrel-windows-x86_64