CRAN Package Check Results for Package taipan

Last updated on 2021-10-24 00:51:14 CEST.

Flavor Version Tinstall Tcheck Ttotal Status Flags
r-devel-linux-x86_64-debian-clang 0.1.2 3.16 37.64 40.80 NOTE
r-devel-linux-x86_64-debian-gcc 0.1.2 2.83 28.43 31.26 NOTE
r-devel-linux-x86_64-fedora-clang 0.1.2 58.82 NOTE
r-devel-linux-x86_64-fedora-gcc 0.1.2 47.29 NOTE
r-devel-windows-x86_64 0.1.2 7.00 48.00 55.00 NOTE
r-devel-windows-x86_64-gcc10-UCRT 0.1.2 NOTE
r-patched-linux-x86_64 0.1.2 2.83 35.15 37.98 NOTE
r-patched-solaris-x86 0.1.2 74.00 NOTE
r-release-linux-x86_64 0.1.2 3.39 35.24 38.63 NOTE
r-release-macos-arm64 0.1.2 NOTE
r-release-macos-x86_64 0.1.2 NOTE
r-release-windows-ix86+x86_64 0.1.2 8.00 63.00 71.00 NOTE
r-oldrel-macos-x86_64 0.1.2 OK
r-oldrel-windows-ix86+x86_64 0.1.2 9.00 62.00 71.00 OK

Check Details

Version: 0.1.2
Check: LazyData
Result: NOTE
     'LazyData' is specified without a 'data' directory
Flavors: r-devel-linux-x86_64-debian-clang, r-devel-linux-x86_64-debian-gcc, r-devel-linux-x86_64-fedora-clang, r-devel-linux-x86_64-fedora-gcc, r-devel-windows-x86_64, r-devel-windows-x86_64-gcc10-UCRT, r-patched-linux-x86_64, r-patched-solaris-x86, r-release-linux-x86_64, r-release-macos-arm64, r-release-macos-x86_64, r-release-windows-ix86+x86_64