CRAN Package Check Results for Package tarchetypes

Last updated on 2021-10-22 00:50:43 CEST.

Flavor Version Tinstall Tcheck Ttotal Status Flags
r-devel-linux-x86_64-debian-clang 0.3.1 7.60 89.38 96.98 OK
r-devel-linux-x86_64-debian-gcc 0.3.1 6.50 67.92 74.42 OK
r-devel-linux-x86_64-fedora-clang 0.3.1 130.07 OK
r-devel-linux-x86_64-fedora-gcc 0.3.1 115.25 OK
r-devel-windows-x86_64 0.3.1 14.00 105.00 119.00 OK
r-devel-windows-x86_64-gcc10-UCRT 0.3.1 ERROR
r-patched-linux-x86_64 0.3.1 14.45 84.77 99.22 OK
r-patched-solaris-x86 0.3.1 147.00 OK
r-release-linux-x86_64 0.3.1 8.25 84.23 92.48 OK
r-release-macos-arm64 0.3.1 OK
r-release-macos-x86_64 0.3.1 OK
r-release-windows-ix86+x86_64 0.3.1 13.00 121.00 134.00 OK
r-oldrel-macos-x86_64 0.3.1 OK
r-oldrel-windows-ix86+x86_64 0.3.1 18.00 124.00 142.00 OK

Check Details

Version: 0.3.1
Check: package dependencies
Result: ERROR
    Package required but not available: 'targets'
    
    See section 'The DESCRIPTION file' in the 'Writing R Extensions'
    manual.
Flavor: r-devel-windows-x86_64-gcc10-UCRT