CRAN Package Check Results for Package tastypie

Last updated on 2021-10-25 00:49:28 CEST.

Flavor Version Tinstall Tcheck Ttotal Status Flags
r-devel-linux-x86_64-debian-clang 0.1.0 9.21 133.49 142.70 OK
r-devel-linux-x86_64-debian-gcc 0.1.0 5.93 95.66 101.59 OK
r-devel-linux-x86_64-fedora-clang 0.1.0 174.82 OK
r-devel-linux-x86_64-fedora-gcc 0.1.0 162.04 OK
r-devel-windows-x86_64 0.1.0 14.00 127.00 141.00 OK
r-devel-windows-x86_64-gcc10-UCRT 0.1.0 OK
r-patched-linux-x86_64 0.1.0 7.62 124.10 131.72 OK
r-patched-solaris-x86 0.1.0 239.60 NOTE
r-release-linux-x86_64 0.1.0 7.64 123.42 131.06 OK
r-release-macos-arm64 0.1.0 OK
r-release-macos-x86_64 0.1.0 OK
r-release-windows-ix86+x86_64 0.1.0 13.00 167.00 180.00 OK
r-oldrel-macos-x86_64 0.1.0 OK
r-oldrel-windows-ix86+x86_64 0.1.0 18.00 161.00 179.00 OK

Check Details

Version: 0.1.0
Check: installed package size
Result: NOTE
     installed size is 6.0Mb
     sub-directories of 1Mb or more:
     doc 1.3Mb
     help 4.6Mb
Flavor: r-patched-solaris-x86