CRAN Package Check Results for Package taxizedb

Last updated on 2021-10-17 00:48:53 CEST.

Flavor Version Tinstall Tcheck Ttotal Status Flags
r-devel-linux-x86_64-debian-clang 0.3.0 8.65 66.55 75.20 NOTE
r-devel-linux-x86_64-debian-gcc 0.3.0 6.14 50.16 56.30 NOTE
r-devel-linux-x86_64-fedora-clang 0.3.0 97.39 NOTE
r-devel-linux-x86_64-fedora-gcc 0.3.0 84.37 NOTE
r-devel-windows-x86_64 0.3.0 19.00 70.00 89.00 NOTE
r-devel-windows-x86_64-gcc10-UCRT 0.3.0 NOTE
r-patched-linux-x86_64 0.3.0 7.13 62.55 69.68 NOTE
r-patched-solaris-x86 0.3.0 121.10 NOTE
r-release-linux-x86_64 0.3.0 6.60 61.96 68.56 NOTE
r-release-macos-arm64 0.3.0 NOTE
r-release-macos-x86_64 0.3.0 NOTE
r-release-windows-ix86+x86_64 0.3.0 18.00 84.00 102.00 NOTE
r-oldrel-macos-x86_64 0.3.0 OK
r-oldrel-windows-ix86+x86_64 0.3.0 19.00 87.00 106.00 OK

Check Details

Version: 0.3.0
Check: LazyData
Result: NOTE
     'LazyData' is specified without a 'data' directory
Flavors: r-devel-linux-x86_64-debian-clang, r-devel-linux-x86_64-debian-gcc, r-devel-linux-x86_64-fedora-clang, r-devel-linux-x86_64-fedora-gcc, r-devel-windows-x86_64, r-devel-windows-x86_64-gcc10-UCRT, r-patched-linux-x86_64, r-patched-solaris-x86, r-release-linux-x86_64, r-release-macos-arm64, r-release-macos-x86_64, r-release-windows-ix86+x86_64