Last updated on 2023-09-25 00:00:03 CEST.
Flavor | Version | Tinstall | Tcheck | Ttotal | Status | Flags |
---|---|---|---|---|---|---|
r-devel-linux-x86_64-debian-clang | 0.2.4 | 9.37 | 80.39 | 89.76 | OK | |
r-devel-linux-x86_64-debian-gcc | 0.2.4 | 8.56 | 61.12 | 69.68 | OK | |
r-devel-linux-x86_64-fedora-clang | 0.2.4 | 112.18 | NOTE | |||
r-devel-linux-x86_64-fedora-gcc | 0.2.4 | 121.96 | NOTE | |||
r-devel-windows-x86_64 | 0.2.4 | 11.00 | 87.00 | 98.00 | OK | |
r-patched-linux-x86_64 | 0.2.4 | 18.06 | 78.01 | 96.07 | OK | |
r-release-linux-x86_64 | 0.2.4 | 8.03 | 78.25 | 86.28 | OK | |
r-release-macos-arm64 | 0.2.4 | 44.00 | OK | |||
r-release-macos-x86_64 | 0.2.4 | 71.00 | OK | |||
r-release-windows-x86_64 | 0.2.4 | 12.00 | 99.00 | 111.00 | OK | |
r-oldrel-macos-arm64 | 0.2.4 | 29.00 | OK | |||
r-oldrel-macos-x86_64 | 0.2.4 | 49.00 | OK | |||
r-oldrel-windows-x86_64 | 0.2.4 | 14.00 | 98.00 | 112.00 | OK |
Version: 0.2.4
Check: data for non-ASCII characters
Result: NOTE
Note: found 137 marked UTF-8 strings
Flavors: r-devel-linux-x86_64-fedora-clang, r-devel-linux-x86_64-fedora-gcc