CRAN Package Check Results for Package taxotools

Last updated on 2021-10-17 00:48:53 CEST.

Flavor Version Tinstall Tcheck Ttotal Status Flags
r-devel-linux-x86_64-debian-clang 0.0.79 7.79 62.10 69.89 NOTE
r-devel-linux-x86_64-debian-gcc 0.0.79 6.04 46.42 52.46 NOTE
r-devel-linux-x86_64-fedora-clang 0.0.79 93.71 NOTE
r-devel-linux-x86_64-fedora-gcc 0.0.79 80.75 NOTE
r-devel-windows-x86_64 0.0.79 27.00 71.00 98.00 NOTE
r-devel-windows-x86_64-gcc10-UCRT 0.0.79 NOTE
r-patched-linux-x86_64 0.0.79 14.24 58.89 73.13 NOTE
r-patched-solaris-x86 0.0.79 117.50 NOTE
r-release-linux-x86_64 0.0.79 8.08 58.47 66.55 NOTE
r-release-macos-arm64 0.0.79 NOTE
r-release-macos-x86_64 0.0.79 NOTE
r-release-windows-ix86+x86_64 0.0.79 22.00 95.00 117.00 NOTE
r-oldrel-macos-x86_64 0.0.79 OK
r-oldrel-windows-ix86+x86_64 0.0.79 21.00 92.00 113.00 OK

Check Details

Version: 0.0.79
Check: LazyData
Result: NOTE
     'LazyData' is specified without a 'data' directory
Flavors: r-devel-linux-x86_64-debian-clang, r-devel-linux-x86_64-debian-gcc, r-devel-linux-x86_64-fedora-clang, r-devel-linux-x86_64-fedora-gcc, r-devel-windows-x86_64, r-devel-windows-x86_64-gcc10-UCRT, r-patched-linux-x86_64, r-patched-solaris-x86, r-release-linux-x86_64, r-release-macos-arm64, r-release-macos-x86_64, r-release-windows-ix86+x86_64