Last updated on 2023-03-30 00:52:08 CEST.
Flavor | Version | Tinstall | Tcheck | Ttotal | Status | Flags |
---|---|---|---|---|---|---|
r-devel-linux-x86_64-debian-clang | 1.2-11 | 6.05 | 40.35 | 46.40 | NOTE | |
r-devel-linux-x86_64-debian-gcc | 1.2-11 | 4.81 | 30.74 | 35.55 | NOTE | |
r-devel-linux-x86_64-fedora-clang | 1.2-11 | 59.87 | NOTE | |||
r-devel-linux-x86_64-fedora-gcc | 1.2-11 | 56.52 | NOTE | |||
r-patched-linux-x86_64 | 1.2-11 | 6.18 | 38.52 | 44.70 | NOTE | |
r-release-linux-x86_64 | 1.2-11 | 7.07 | 40.98 | 48.05 | NOTE | |
r-release-macos-arm64 | 1.2-11 | 38.00 | NOTE | |||
r-release-macos-x86_64 | 1.2-11 | 45.00 | NOTE | |||
r-release-windows-x86_64 | 1.2-11 | 34.00 | 71.00 | 105.00 | NOTE | |
r-oldrel-macos-arm64 | 1.2-11 | 43.00 | NOTE | |||
r-oldrel-macos-x86_64 | 1.2-11 | 72.00 | NOTE | |||
r-oldrel-windows-ix86+x86_64 | 1.2-11 | 12.00 | 38.00 | 50.00 | NOTE |
Version: 1.2-11
Check: DESCRIPTION meta-information
Result: NOTE
Malformed Description field: should contain one or more complete sentences.
Flavors: r-devel-linux-x86_64-debian-clang, r-devel-linux-x86_64-debian-gcc, r-devel-linux-x86_64-fedora-clang, r-devel-linux-x86_64-fedora-gcc, r-patched-linux-x86_64, r-release-linux-x86_64, r-release-macos-arm64, r-release-macos-x86_64, r-release-windows-x86_64, r-oldrel-macos-arm64, r-oldrel-macos-x86_64, r-oldrel-windows-ix86+x86_64
Version: 1.2-11
Check: installed package size
Result: NOTE
installed size is 5.2Mb
sub-directories of 1Mb or more:
tklibs 4.9Mb
Flavors: r-devel-linux-x86_64-fedora-clang, r-release-macos-arm64, r-release-macos-x86_64, r-oldrel-macos-arm64, r-oldrel-macos-x86_64