CRAN Package Check Results for Package teachingApps

Last updated on 2021-10-27 00:51:21 CEST.

Flavor Version Tinstall Tcheck Ttotal Status Flags
r-devel-linux-x86_64-debian-clang 1.0.8 221.97 96.89 318.86 NOTE
r-devel-linux-x86_64-debian-gcc 1.0.8 161.98 72.38 234.36 NOTE
r-devel-linux-x86_64-fedora-clang 1.0.8 519.24 NOTE
r-devel-linux-x86_64-fedora-gcc 1.0.8 440.24 NOTE
r-devel-windows-x86_64 1.0.8 314.00 103.00 417.00 NOTE
r-devel-windows-x86_64-gcc10-UCRT 1.0.8 NOTE
r-patched-linux-x86_64 1.0.8 200.41 92.99 293.40 NOTE
r-patched-solaris-x86 1.0.8 379.80 NOTE
r-release-linux-x86_64 1.0.8 198.82 93.80 292.62 NOTE
r-release-macos-arm64 1.0.8 NOTE
r-release-macos-x86_64 1.0.8 NOTE
r-release-windows-ix86+x86_64 1.0.8 433.00 174.00 607.00 NOTE
r-oldrel-macos-x86_64 1.0.8 NOTE
r-oldrel-windows-ix86+x86_64 1.0.8 583.00 168.00 751.00 NOTE

Check Details

Version: 1.0.8
Check: LazyData
Result: NOTE
     'LazyData' is specified without a 'data' directory
Flavors: r-devel-linux-x86_64-debian-clang, r-devel-linux-x86_64-debian-gcc, r-devel-linux-x86_64-fedora-clang, r-devel-linux-x86_64-fedora-gcc, r-devel-windows-x86_64, r-devel-windows-x86_64-gcc10-UCRT, r-patched-linux-x86_64, r-patched-solaris-x86, r-release-linux-x86_64, r-release-macos-arm64, r-release-macos-x86_64, r-release-windows-ix86+x86_64

Version: 1.0.8
Check: installed package size
Result: NOTE
     installed size is 14.2Mb
     sub-directories of 1Mb or more:
     apps 3.2Mb
     libs 9.0Mb
Flavors: r-devel-linux-x86_64-fedora-clang, r-release-macos-arm64, r-release-macos-x86_64, r-release-windows-ix86+x86_64, r-oldrel-macos-x86_64, r-oldrel-windows-ix86+x86_64