CRAN Package Check Results for Package teal

Last updated on 2024-07-23 00:54:41 CEST.

Flavor Version Tinstall Tcheck Ttotal Status Flags
r-devel-linux-x86_64-debian-clang 0.15.2 11.36 125.61 136.97 OK
r-devel-linux-x86_64-debian-gcc 0.15.2 8.29 95.40 103.69 NOTE
r-devel-linux-x86_64-fedora-clang 0.15.2 139.07 OK
r-devel-linux-x86_64-fedora-gcc 0.15.2 173.51 OK
r-devel-windows-x86_64 0.15.2 12.00 125.00 137.00 NOTE
r-patched-linux-x86_64 0.15.2 14.32 120.16 134.48 OK
r-release-linux-x86_64 0.15.2 6.86 120.33 127.19 OK
r-release-macos-arm64 0.15.2 61.00 OK
r-release-macos-x86_64 0.15.2 91.00 OK
r-release-windows-x86_64 0.15.2 11.00 125.00 136.00 OK
r-oldrel-macos-arm64 0.15.2 69.00 OK
r-oldrel-macos-x86_64 0.15.2 158.00 OK
r-oldrel-windows-x86_64 0.15.2 14.00 144.00 158.00 OK

Check Details

Version: 0.15.2
Check: Rd cross-references
Result: NOTE Found the following Rd file(s) with Rd \link{} targets missing package anchors: TealReportCard.Rd: ReportCard init.Rd: teal_data module_teal_with_splash.Rd: teal_data Please provide package anchors for all Rd \link{} targets not in the package itself and the base packages. Flavors: r-devel-linux-x86_64-debian-gcc, r-devel-windows-x86_64