CRAN Package Check Results for Package teal.modules.clinical

Last updated on 2025-01-20 00:48:35 CET.

Flavor Version Tinstall Tcheck Ttotal Status Flags
r-devel-linux-x86_64-debian-clang 0.9.1 28.87 223.58 252.45 NOTE
r-devel-linux-x86_64-debian-gcc 0.9.1 19.39 155.07 174.46 NOTE
r-devel-linux-x86_64-fedora-clang 0.9.1 298.29 OK
r-devel-linux-x86_64-fedora-gcc 0.9.1 256.05 OK
r-devel-windows-x86_64 0.9.1 30.00 234.00 264.00 NOTE
r-patched-linux-x86_64 0.9.1 33.37 208.59 241.96 OK
r-release-linux-x86_64 0.9.1 23.43 210.87 234.30 OK
r-release-macos-arm64 0.9.1 81.00 OK
r-release-macos-x86_64 0.9.1 160.00 OK
r-release-windows-x86_64 0.9.1 27.00 231.00 258.00 OK
r-oldrel-macos-arm64 0.9.1 95.00 OK
r-oldrel-macos-x86_64 0.9.1 154.00 OK
r-oldrel-windows-x86_64 0.9.1 37.00 293.00 330.00 OK

Check Details

Version: 0.9.1
Check: Rd cross-references
Result: NOTE Found the following Rd file(s) with Rd \link{} targets missing package anchors: split_choices.Rd: choices_selected template_coxreg_m.Rd: control_coxreg template_coxreg_u.Rd: control_coxreg tm_t_tte.Rd: data_extract_spec, coxph_pairwise, surv_timepoint, surv_time Please provide package anchors for all Rd \link{} targets not in the package itself and the base packages. Flavors: r-devel-linux-x86_64-debian-clang, r-devel-linux-x86_64-debian-gcc, r-devel-windows-x86_64