CRAN Package Check Results for Package tealeaves

Last updated on 2021-10-23 00:49:11 CEST.

Flavor Version Tinstall Tcheck Ttotal Status Flags
r-devel-linux-x86_64-debian-clang 1.0.5 4.81 63.84 68.65 OK
r-devel-linux-x86_64-debian-gcc 1.0.5 3.37 48.60 51.97 OK
r-devel-linux-x86_64-fedora-clang 1.0.5 91.17 OK
r-devel-linux-x86_64-fedora-gcc 1.0.5 82.02 OK
r-devel-windows-x86_64 1.0.5 9.00 100.00 109.00 OK
r-devel-windows-x86_64-gcc10-UCRT 1.0.5 FAIL
r-patched-linux-x86_64 1.0.5 5.61 64.08 69.69 OK
r-patched-solaris-x86 1.0.5 170.10 OK
r-release-linux-x86_64 1.0.5 4.58 63.57 68.15 OK
r-release-macos-arm64 1.0.5 OK
r-release-macos-x86_64 1.0.5 OK
r-release-windows-ix86+x86_64 1.0.5 8.00 100.00 108.00 OK
r-oldrel-macos-x86_64 1.0.5 OK
r-oldrel-windows-ix86+x86_64 1.0.5 11.00 97.00 108.00 OK

Check Details

Version: 1.0.5
Check: re-building of vignette outputs
Result: FAIL
Flavor: r-devel-windows-x86_64-gcc10-UCRT