Last updated on 2023-09-27 23:37:48 CEST.
Flavor | Version | Tinstall | Tcheck | Ttotal | Status | Flags |
---|---|---|---|---|---|---|
r-devel-linux-x86_64-debian-clang | 1.7-46 | 626.28 | 446.57 | 1072.85 | OK | |
r-devel-linux-x86_64-debian-gcc | 1.7-46 | 520.32 | 320.48 | 840.80 | OK | |
r-devel-linux-x86_64-fedora-clang | 1.7-46 | 1483.18 | NOTE | |||
r-devel-linux-x86_64-fedora-gcc | 1.7-46 | 1703.07 | OK | |||
r-devel-windows-x86_64 | 1.7-46 | 502.00 | 949.00 | 1451.00 | NOTE | |
r-patched-linux-x86_64 | 1.7-46 | 700.82 | 423.15 | 1123.97 | OK | |
r-release-linux-x86_64 | 1.7-46 | 693.57 | 425.77 | 1119.34 | OK | |
r-release-macos-arm64 | 1.7-46 | 413.00 | NOTE | |||
r-release-macos-x86_64 | 1.7-46 | 514.00 | NOTE | |||
r-release-windows-x86_64 | 1.7-46 | 650.00 | 1076.00 | 1726.00 | NOTE | |
r-oldrel-macos-arm64 | 1.7-46 | 398.00 | NOTE | |||
r-oldrel-macos-x86_64 | 1.7-46 | 458.00 | NOTE | |||
r-oldrel-windows-x86_64 | 1.7-46 | 671.00 | 923.00 | 1594.00 | NOTE |
Version: 1.7-46
Check: installed package size
Result: NOTE
installed size is 9.9Mb
sub-directories of 1Mb or more:
R 2.2Mb
libs 6.4Mb
Flavors: r-devel-linux-x86_64-fedora-clang, r-devel-windows-x86_64, r-release-macos-arm64, r-release-macos-x86_64, r-release-windows-x86_64, r-oldrel-macos-arm64, r-oldrel-macos-x86_64, r-oldrel-windows-x86_64