CRAN Package Check Results for Package terra

Last updated on 2021-12-07 00:49:34 CET.

Flavor Version Tinstall Tcheck Ttotal Status Flags
r-devel-linux-x86_64-debian-clang 1.4-22 447.70 270.36 718.06 OK
r-devel-linux-x86_64-debian-gcc 1.4-22 385.62 204.46 590.08 OK
r-devel-linux-x86_64-fedora-clang 1.4-22 1069.73 NOTE
r-devel-linux-x86_64-fedora-gcc 1.4-22 1058.73 OK
r-devel-windows-x86_64-new-UL 1.4-22 679.00 892.00 1571.00 NOTE
r-devel-windows-x86_64-new-TK 1.4-22 OK
r-devel-windows-x86_64-old 1.4-22 606.00 365.00 971.00 NOTE
r-patched-linux-x86_64 1.4-22 447.09 258.62 705.71 OK
r-release-linux-x86_64 1.4-22 447.23 269.48 716.71 OK
r-release-macos-arm64 1.4-22 NOTE
r-release-macos-x86_64 1.4-22 NOTE
r-release-windows-ix86+x86_64 1.4-22 4.00 9.00 13.00 ERROR
r-oldrel-macos-x86_64 1.4-22 NOTE
r-oldrel-windows-ix86+x86_64 1.4-22 1126.00 836.00 1962.00 NOTE

Check Details

Version: 1.4-22
Check: installed package size
Result: NOTE
     installed size is 37.2Mb
     sub-directories of 1Mb or more:
     R 1.5Mb
     libs 34.7Mb
Flavors: r-devel-linux-x86_64-fedora-clang, r-devel-windows-x86_64-new-UL, r-devel-windows-x86_64-old, r-release-macos-arm64, r-release-macos-x86_64, r-oldrel-macos-x86_64, r-oldrel-windows-ix86+x86_64

Version: 1.4-22
Check: whether package can be installed
Result: ERROR
    Installation failed.
Flavor: r-release-windows-ix86+x86_64