CRAN Package Check Results for Package terrainmeshr

Last updated on 2021-11-30 00:51:44 CET.

Flavor Version Tinstall Tcheck Ttotal Status Flags
r-devel-linux-x86_64-debian-clang 0.1.0 32.69 25.62 58.31 NOTE
r-devel-linux-x86_64-debian-gcc 0.1.0 22.36 20.27 42.63 NOTE
r-devel-linux-x86_64-fedora-clang 0.1.0 105.97 NOTE
r-devel-linux-x86_64-fedora-gcc 0.1.0 74.85 NOTE
r-devel-windows-x86_64-new-UL 0.1.0 47.00 87.00 134.00 NOTE
r-devel-windows-x86_64-new-TK 0.1.0 NOTE
r-devel-windows-x86_64-old 0.1.0 41.00 42.00 83.00 NOTE
r-patched-linux-x86_64 0.1.0 26.96 24.82 51.78 NOTE
r-patched-solaris-x86 0.1.0 83.10 NOTE
r-release-linux-x86_64 0.1.0 25.19 24.81 50.00 NOTE
r-release-macos-arm64 0.1.0 NOTE
r-release-macos-x86_64 0.1.0 NOTE
r-release-windows-ix86+x86_64 0.1.0 79.00 54.00 133.00 NOTE
r-oldrel-macos-x86_64 0.1.0 OK
r-oldrel-windows-ix86+x86_64 0.1.0 62.00 66.00 128.00 OK

Check Details

Version: 0.1.0
Check: LazyData
Result: NOTE
     'LazyData' is specified without a 'data' directory
Flavors: r-devel-linux-x86_64-debian-clang, r-devel-linux-x86_64-debian-gcc, r-devel-linux-x86_64-fedora-clang, r-devel-linux-x86_64-fedora-gcc, r-devel-windows-x86_64-new-UL, r-devel-windows-x86_64-new-TK, r-devel-windows-x86_64-old, r-patched-linux-x86_64, r-patched-solaris-x86, r-release-linux-x86_64, r-release-macos-arm64, r-release-macos-x86_64, r-release-windows-ix86+x86_64