CRAN Package Check Results for Package testforDEP

Last updated on 2024-06-14 00:54:01 CEST.

Flavor Version Tinstall Tcheck Ttotal Status Flags
r-devel-linux-x86_64-debian-clang 0.2.0 65.64 80.41 146.05 OK
r-devel-linux-x86_64-debian-gcc 0.2.0 0.25 1.61 1.86 ERROR
r-devel-linux-x86_64-fedora-clang 0.2.0 206.41 NOTE
r-devel-linux-x86_64-fedora-gcc 0.2.0 191.16 NOTE
r-devel-windows-x86_64 0.2.0 50.00 102.00 152.00 OK
r-patched-linux-x86_64 0.2.0 40.12 73.49 113.61 OK
r-release-linux-x86_64 0.2.0 38.90 75.69 114.59 OK
r-release-macos-arm64 0.2.0 45.00 OK
r-release-macos-x86_64 0.2.0 58.00 OK
r-release-windows-x86_64 0.2.0 50.00 94.00 144.00 OK
r-oldrel-macos-arm64 0.2.0 52.00 OK
r-oldrel-macos-x86_64 0.2.0 80.00 OK
r-oldrel-windows-x86_64 0.2.0 64.00 109.00 173.00 OK

Check Details

Version: 0.2.0
Check: package dependencies
Result: ERROR Package required but not available: ‘Hmisc’ See section ‘The DESCRIPTION file’ in the ‘Writing R Extensions’ manual. Flavor: r-devel-linux-x86_64-debian-gcc

Version: 0.2.0
Check: compiled code
Result: NOTE File ‘testforDEP/libs/testforDEP.so’: Found no calls to: ‘R_registerRoutines’, ‘R_useDynamicSymbols’ It is good practice to register native routines and to disable symbol search. See ‘Writing portable packages’ in the ‘Writing R Extensions’ manual. Flavors: r-devel-linux-x86_64-fedora-clang, r-devel-linux-x86_64-fedora-gcc