Last updated on 2023-02-03 00:51:17 CET.
Flavor | Version | Tinstall | Tcheck | Ttotal | Status | Flags |
---|---|---|---|---|---|---|
r-devel-linux-x86_64-debian-clang | 0.1.6 | 21.61 | 191.13 | 212.74 | OK | |
r-devel-linux-x86_64-debian-gcc | 0.1.6 | 15.73 | 136.88 | 152.61 | OK | |
r-devel-linux-x86_64-fedora-clang | 0.1.6 | 262.20 | NOTE | |||
r-devel-linux-x86_64-fedora-gcc | 0.1.6 | 266.49 | NOTE | |||
r-patched-linux-x86_64 | 0.1.6 | 19.51 | 176.36 | 195.87 | OK | |
r-release-linux-x86_64 | 0.1.6 | 18.71 | 173.49 | 192.20 | OK | |
r-release-macos-arm64 | 0.1.6 | 70.00 | NOTE | |||
r-release-macos-x86_64 | 0.1.6 | 95.00 | NOTE | |||
r-release-windows-x86_64 | 0.1.6 | 45.00 | 222.00 | 267.00 | OK | |
r-oldrel-macos-arm64 | 0.1.6 | 65.00 | NOTE | |||
r-oldrel-macos-x86_64 | 0.1.6 | 101.00 | NOTE | |||
r-oldrel-windows-ix86+x86_64 | 0.1.6 | 47.00 | 200.00 | 247.00 | OK |
Version: 0.1.6
Check: data for non-ASCII characters
Result: NOTE
Note: found 3 marked UTF-8 strings
Flavors: r-devel-linux-x86_64-fedora-clang, r-devel-linux-x86_64-fedora-gcc, r-release-macos-arm64, r-release-macos-x86_64, r-oldrel-macos-arm64, r-oldrel-macos-x86_64