Last updated on 2023-03-28 00:52:05 CEST.
Flavor | Version | Tinstall | Tcheck | Ttotal | Status | Flags |
---|---|---|---|---|---|---|
r-devel-linux-x86_64-debian-clang | 0.2.13 | 2.86 | 37.90 | 40.76 | NOTE | |
r-devel-linux-x86_64-debian-gcc | 0.2.13 | 2.14 | 29.13 | 31.27 | NOTE | |
r-devel-linux-x86_64-fedora-clang | 0.2.13 | 51.35 | NOTE | |||
r-devel-linux-x86_64-fedora-gcc | 0.2.13 | 59.36 | NOTE | |||
r-patched-linux-x86_64 | 0.2.13 | 6.07 | 36.08 | 42.15 | NOTE | |
r-release-linux-x86_64 | 0.2.13 | 2.86 | 37.83 | 40.69 | NOTE | |
r-release-macos-arm64 | 0.2.13 | 25.00 | NOTE | |||
r-release-macos-x86_64 | 0.2.13 | 42.00 | NOTE | |||
r-release-windows-x86_64 | 0.2.13 | 17.00 | 74.00 | 91.00 | NOTE | |
r-oldrel-macos-arm64 | 0.2.13 | 30.00 | NOTE | |||
r-oldrel-macos-x86_64 | 0.2.13 | 41.00 | NOTE | |||
r-oldrel-windows-ix86+x86_64 | 0.2.13 | 7.00 | 72.00 | 79.00 | NOTE |
Version: 0.2.13
Check: LazyData
Result: NOTE
'LazyData' is specified without a 'data' directory
Flavors: r-devel-linux-x86_64-debian-clang, r-devel-linux-x86_64-debian-gcc, r-devel-linux-x86_64-fedora-clang, r-devel-linux-x86_64-fedora-gcc, r-patched-linux-x86_64, r-release-linux-x86_64, r-release-macos-arm64, r-release-macos-x86_64, r-release-windows-x86_64, r-oldrel-macos-arm64, r-oldrel-macos-x86_64, r-oldrel-windows-ix86+x86_64
Version: 0.2.13
Check: dependencies in R code
Result: NOTE
Initiating curl with CURL_SSL_BACKEND: openssl
Flavor: r-oldrel-windows-ix86+x86_64