CRAN Package Check Results for Package textclean

Last updated on 2021-10-23 00:49:11 CEST.

Flavor Version Tinstall Tcheck Ttotal Status Flags
r-devel-linux-x86_64-debian-clang 0.9.3 12.39 46.50 58.89 OK
r-devel-linux-x86_64-debian-gcc 0.9.3 11.75 35.48 47.23 OK
r-devel-linux-x86_64-fedora-clang 0.9.3 85.02 NOTE
r-devel-linux-x86_64-fedora-gcc 0.9.3 73.18 NOTE
r-devel-windows-x86_64 0.9.3 20.00 48.00 68.00 OK
r-devel-windows-x86_64-gcc10-UCRT 0.9.3 NOTE
r-patched-linux-x86_64 0.9.3 14.31 43.43 57.74 OK
r-patched-solaris-x86 0.9.3 114.60 NOTE
r-release-linux-x86_64 0.9.3 13.85 43.91 57.76 OK
r-release-macos-arm64 0.9.3 NOTE
r-release-macos-x86_64 0.9.3 NOTE
r-release-windows-ix86+x86_64 0.9.3 15.00 68.00 83.00 OK
r-oldrel-macos-x86_64 0.9.3 NOTE
r-oldrel-windows-ix86+x86_64 0.9.3 22.00 65.00 87.00 OK

Check Details

Version: 0.9.3
Check: dependencies in R code
Result: NOTE
    Namespace in Imports field not imported from: ‘lexicon’
     All declared Imports should be used.
Flavors: r-devel-linux-x86_64-fedora-clang, r-devel-linux-x86_64-fedora-gcc, r-devel-windows-x86_64-gcc10-UCRT, r-patched-solaris-x86, r-release-macos-arm64, r-release-macos-x86_64, r-oldrel-macos-x86_64

Version: 0.9.3
Check: Rd cross-references
Result: NOTE
    Undeclared package ‘gsubfn’ in Rd xrefs
Flavor: r-devel-linux-x86_64-fedora-clang