CRAN Package Check Results for Package textshape

Last updated on 2021-12-03 00:48:59 CET.

Flavor Version Tinstall Tcheck Ttotal Status Flags
r-devel-linux-x86_64-debian-clang 1.7.3 3.77 40.42 44.19 OK
r-devel-linux-x86_64-debian-gcc 1.7.3 3.47 30.10 33.57 OK
r-devel-linux-x86_64-fedora-clang 1.7.3 70.01 NOTE
r-devel-linux-x86_64-fedora-gcc 1.7.3 51.27 OK
r-devel-windows-x86_64-new-UL 1.7.3 20.00 76.00 96.00 OK
r-devel-windows-x86_64-new-TK 1.7.3 OK
r-devel-windows-x86_64-old 1.7.3 7.00 46.00 53.00 OK
r-patched-linux-x86_64 1.7.3 4.30 37.83 42.13 OK
r-patched-solaris-x86 1.7.3 75.40 OK
r-release-linux-x86_64 1.7.3 4.33 37.00 41.33 OK
r-release-macos-arm64 1.7.3 OK
r-release-macos-x86_64 1.7.3 OK
r-release-windows-ix86+x86_64 1.7.3 9.00 57.00 66.00 OK
r-oldrel-macos-x86_64 1.7.3 OK
r-oldrel-windows-ix86+x86_64 1.7.3 9.00 60.00 69.00 OK

Check Details

Version: 1.7.3
Check: Rd cross-references
Result: NOTE
    Undeclared packages ‘tm’, ‘textreadr’ in Rd xrefs
Flavor: r-devel-linux-x86_64-fedora-clang