CRAN Package Check Results for Package tfaddons

Last updated on 2021-10-24 00:51:14 CEST.

Flavor Version Tinstall Tcheck Ttotal Status Flags
r-devel-linux-x86_64-debian-clang 0.10.0 8.50 86.03 94.53 NOTE
r-devel-linux-x86_64-debian-gcc 0.10.0 8.58 67.44 76.02 NOTE
r-devel-linux-x86_64-fedora-clang 0.10.0 130.03 NOTE
r-devel-linux-x86_64-fedora-gcc 0.10.0 119.59 NOTE
r-devel-windows-x86_64 0.10.0 17.00 98.00 115.00 NOTE
r-devel-windows-x86_64-gcc10-UCRT 0.10.0 NOTE
r-patched-linux-x86_64 0.10.0 10.75 83.82 94.57 NOTE
r-patched-solaris-x86 0.10.0 163.10 NOTE
r-release-linux-x86_64 0.10.0 9.03 84.19 93.22 NOTE
r-release-macos-arm64 0.10.0 NOTE
r-release-macos-x86_64 0.10.0 NOTE
r-release-windows-ix86+x86_64 0.10.0 16.00 129.00 145.00 NOTE
r-oldrel-macos-x86_64 0.10.0 OK
r-oldrel-windows-ix86+x86_64 0.10.0 22.00 125.00 147.00 OK

Check Details

Version: 0.10.0
Check: LazyData
Result: NOTE
     'LazyData' is specified without a 'data' directory
Flavors: r-devel-linux-x86_64-debian-clang, r-devel-linux-x86_64-debian-gcc, r-devel-linux-x86_64-fedora-clang, r-devel-linux-x86_64-fedora-gcc, r-devel-windows-x86_64, r-devel-windows-x86_64-gcc10-UCRT, r-patched-linux-x86_64, r-patched-solaris-x86, r-release-linux-x86_64, r-release-macos-arm64, r-release-macos-x86_64, r-release-windows-ix86+x86_64