Last updated on 2023-06-02 01:00:41 CEST.
Flavor | Version | Tinstall | Tcheck | Ttotal | Status | Flags |
---|---|---|---|---|---|---|
r-devel-linux-x86_64-debian-clang | 0.6.1 | 11.36 | 89.36 | 100.72 | NOTE | |
r-devel-linux-x86_64-debian-gcc | 0.6.1 | 7.90 | 68.87 | 76.77 | NOTE | |
r-devel-linux-x86_64-fedora-clang | 0.6.1 | 129.47 | NOTE | |||
r-devel-linux-x86_64-fedora-gcc | 0.6.1 | 128.75 | NOTE | |||
r-devel-windows-x86_64 | 0.6.1 | 10.00 | 91.00 | 101.00 | NOTE | |
r-patched-linux-x86_64 | 0.6.1 | NOTE | ||||
r-release-linux-x86_64 | 0.6.1 | 8.98 | 85.95 | 94.93 | NOTE | |
r-release-macos-arm64 | 0.6.1 | 46.00 | NOTE | |||
r-release-macos-x86_64 | 0.6.1 | 75.00 | NOTE | |||
r-release-windows-x86_64 | 0.6.1 | 12.00 | 102.00 | 114.00 | NOTE | |
r-oldrel-macos-arm64 | 0.6.1 | 32.00 | NOTE | |||
r-oldrel-macos-x86_64 | 0.6.1 | 52.00 | NOTE | |||
r-oldrel-windows-x86_64 | 0.6.1 | 12.00 | 106.00 | 118.00 | NOTE |
Version: 0.6.1
Check: LazyData
Result: NOTE
'LazyData' is specified without a 'data' directory
Flavors: r-devel-linux-x86_64-debian-clang, r-devel-linux-x86_64-debian-gcc, r-devel-linux-x86_64-fedora-clang, r-devel-linux-x86_64-fedora-gcc, r-devel-windows-x86_64, r-patched-linux-x86_64, r-release-linux-x86_64, r-release-macos-arm64, r-release-macos-x86_64, r-release-windows-x86_64, r-oldrel-macos-arm64, r-oldrel-macos-x86_64, r-oldrel-windows-x86_64