CRAN Package Check Results for Package tfdeploy

Last updated on 2024-06-14 00:54:01 CEST.

Flavor Version Tinstall Tcheck Ttotal Status Flags
r-devel-linux-x86_64-debian-clang 0.6.1 8.18 89.05 97.23 NOTE
r-devel-linux-x86_64-debian-gcc 0.6.1 0.45 1.72 2.17 ERROR
r-devel-linux-x86_64-fedora-clang 0.6.1 116.73 NOTE
r-devel-linux-x86_64-fedora-gcc 0.6.1 133.83 NOTE
r-devel-windows-x86_64 0.6.1 9.00 123.00 132.00 NOTE
r-patched-linux-x86_64 0.6.1 7.37 89.35 96.72 NOTE
r-release-linux-x86_64 0.6.1 9.70 87.56 97.26 NOTE
r-release-macos-arm64 0.6.1 42.00 NOTE
r-release-macos-x86_64 0.6.1 67.00 NOTE
r-release-windows-x86_64 0.6.1 10.00 124.00 134.00 NOTE
r-oldrel-macos-arm64 0.6.1 46.00 NOTE
r-oldrel-macos-x86_64 0.6.1 75.00 NOTE
r-oldrel-windows-x86_64 0.6.1 12.00 111.00 123.00 NOTE

Check Details

Version: 0.6.1
Check: LazyData
Result: NOTE 'LazyData' is specified without a 'data' directory Flavors: r-devel-linux-x86_64-debian-clang, r-devel-linux-x86_64-fedora-clang, r-devel-linux-x86_64-fedora-gcc, r-devel-windows-x86_64, r-patched-linux-x86_64, r-release-linux-x86_64, r-release-macos-arm64, r-release-macos-x86_64, r-release-windows-x86_64, r-oldrel-macos-arm64, r-oldrel-macos-x86_64, r-oldrel-windows-x86_64

Version: 0.6.1
Check: package dependencies
Result: ERROR Package required but not available: ‘tensorflow’ Packages suggested but not available for checking: 'cloudml', 'testthat', 'stringr' See section ‘The DESCRIPTION file’ in the ‘Writing R Extensions’ manual. Flavor: r-devel-linux-x86_64-debian-gcc