CRAN Package Check Results for Package theft

Last updated on 2024-02-22 00:58:44 CET.

Flavor Version Tinstall Tcheck Ttotal Status Flags
r-devel-linux-x86_64-debian-clang 0.5.4.1 NOTE
r-devel-linux-x86_64-debian-gcc 0.5.4.1 14.89 154.93 169.82 NOTE
r-devel-linux-x86_64-fedora-clang 0.5.4.1 278.09 OK
r-devel-linux-x86_64-fedora-gcc 0.5.4.1 230.66 OK
r-devel-windows-x86_64 0.5.4.1 17.00 161.00 178.00 OK
r-patched-linux-x86_64 0.5.4.1 16.94 202.76 219.70 OK
r-release-linux-x86_64 0.5.4.1 14.21 202.02 216.23 OK
r-release-macos-arm64 0.5.4.1 73.00 OK
r-release-macos-x86_64 0.5.4.1 197.00 OK
r-release-windows-x86_64 0.5.4.1 23.00 206.00 229.00 OK
r-oldrel-macos-arm64 0.5.4.1 84.00 OK
r-oldrel-windows-x86_64 0.5.4.1 25.00 207.00 232.00 OK

Check Details

Version: 0.5.4.1
Check: Rd files
Result: NOTE checkRd: (-1) resampled_ttest.Rd:5: Lost braces; missing escapes or markup? 5 | \title{Compute correlated t-statistic and p-value for resampled data from {correctR} package} | ^ checkRd: (-1) resampled_ttest.Rd:24: Lost braces; missing escapes or markup? 24 | Compute correlated t-statistic and p-value for resampled data from {correctR} package | ^ Flavors: r-devel-linux-x86_64-debian-clang, r-devel-linux-x86_64-debian-gcc