CRAN Package Check Results for Package thinkr

Last updated on 2021-10-23 00:49:11 CEST.

Flavor Version Tinstall Tcheck Ttotal Status Flags
r-devel-linux-x86_64-debian-clang 0.15 10.67 90.09 100.76 NOTE
r-devel-linux-x86_64-debian-gcc 0.15 8.31 67.09 75.40 NOTE
r-devel-linux-x86_64-fedora-clang 0.15 125.00 NOTE
r-devel-linux-x86_64-fedora-gcc 0.15 113.55 NOTE
r-devel-windows-x86_64 0.15 16.00 88.00 104.00 NOTE
r-devel-windows-x86_64-gcc10-UCRT 0.15 NOTE
r-patched-linux-x86_64 0.15 10.19 85.13 95.32 NOTE
r-patched-solaris-x86 0.15 163.00 NOTE
r-release-linux-x86_64 0.15 10.03 85.78 95.81 NOTE
r-release-macos-arm64 0.15 NOTE
r-release-macos-x86_64 0.15 NOTE
r-release-windows-ix86+x86_64 0.15 21.00 118.00 139.00 NOTE
r-oldrel-macos-x86_64 0.15 NOTE
r-oldrel-windows-ix86+x86_64 0.15 26.00 114.00 140.00 OK

Check Details

Version: 0.15
Check: LazyData
Result: NOTE
     'LazyData' is specified without a 'data' directory
Flavors: r-devel-linux-x86_64-debian-clang, r-devel-linux-x86_64-debian-gcc, r-devel-linux-x86_64-fedora-clang, r-devel-linux-x86_64-fedora-gcc, r-devel-windows-x86_64, r-devel-windows-x86_64-gcc10-UCRT, r-patched-linux-x86_64, r-patched-solaris-x86, r-release-linux-x86_64, r-release-macos-arm64, r-release-macos-x86_64, r-release-windows-ix86+x86_64

Version: 0.15
Check: dependencies in R code
Result: NOTE
    Namespaces in Imports field not imported from:
     ‘crayon’ ‘purrr’ ‘readr’
     All declared Imports should be used.
Flavors: r-devel-linux-x86_64-fedora-clang, r-devel-linux-x86_64-fedora-gcc, r-devel-windows-x86_64-gcc10-UCRT, r-patched-solaris-x86, r-release-macos-arm64, r-release-macos-x86_64, r-oldrel-macos-x86_64