CRAN Package Check Results for Package threeboost

Last updated on 2021-10-28 00:49:02 CEST.

Flavor Version Tinstall Tcheck Ttotal Status Flags
r-devel-linux-x86_64-debian-clang 1.1 2.23 34.85 37.08 NOTE
r-devel-linux-x86_64-debian-gcc 1.1 1.81 25.95 27.76 NOTE
r-devel-linux-x86_64-fedora-clang 1.1 53.94 NOTE
r-devel-linux-x86_64-fedora-gcc 1.1 44.14 NOTE
r-devel-windows-x86_64 1.1 4.00 42.00 46.00 NOTE
r-devel-windows-x86_64-gcc10-UCRT 1.1 NOTE
r-patched-linux-x86_64 1.1 2.54 33.78 36.32 NOTE
r-patched-solaris-x86 1.1 63.70 NOTE
r-release-linux-x86_64 1.1 2.37 34.22 36.59 NOTE
r-release-macos-arm64 1.1 NOTE
r-release-macos-x86_64 1.1 NOTE
r-release-windows-ix86+x86_64 1.1 4.00 52.00 56.00 NOTE
r-oldrel-macos-x86_64 1.1 NOTE
r-oldrel-windows-ix86+x86_64 1.1 5.00 53.00 58.00 NOTE

Check Details

Version: 1.1
Check: R code for possible problems
Result: NOTE
    coef_traceplot: no visible global function definition for 'rainbow'
    coef_traceplot: no visible global function definition for 'abline'
    coef_traceplot : <anonymous>: no visible global function definition for
     'lines'
    coef_traceplot: no visible global function definition for 'text'
    ee.GEE.aux : <anonymous>: no visible global function definition for
     'combn'
    Undefined global functions or variables:
     abline combn lines rainbow text
    Consider adding
     importFrom("grDevices", "rainbow")
     importFrom("graphics", "abline", "lines", "text")
     importFrom("utils", "combn")
    to your NAMESPACE file.
Flavors: r-devel-linux-x86_64-debian-clang, r-devel-linux-x86_64-debian-gcc, r-devel-linux-x86_64-fedora-clang, r-devel-linux-x86_64-fedora-gcc, r-devel-windows-x86_64, r-devel-windows-x86_64-gcc10-UCRT, r-patched-linux-x86_64, r-patched-solaris-x86, r-release-linux-x86_64, r-release-macos-arm64, r-release-macos-x86_64, r-release-windows-ix86+x86_64, r-oldrel-macos-x86_64, r-oldrel-windows-ix86+x86_64