CRAN Package Check Results for Package threesixtygiving

Last updated on 2021-10-18 00:48:31 CEST.

Flavor Version Tinstall Tcheck Ttotal Status Flags
r-devel-linux-x86_64-debian-clang 0.2.2 6.24 63.39 69.63 NOTE
r-devel-linux-x86_64-debian-gcc 0.2.2 5.70 47.67 53.37 NOTE
r-devel-linux-x86_64-fedora-clang 0.2.2 89.98 NOTE
r-devel-linux-x86_64-fedora-gcc 0.2.2 80.69 NOTE
r-devel-windows-x86_64 0.2.2 12.00 73.00 85.00 NOTE
r-devel-windows-x86_64-gcc10-UCRT 0.2.2 NOTE
r-patched-linux-x86_64 0.2.2 6.81 58.97 65.78 NOTE
r-patched-solaris-x86 0.2.2 120.80 NOTE
r-release-linux-x86_64 0.2.2 6.24 59.25 65.49 NOTE
r-release-macos-arm64 0.2.2 NOTE
r-release-macos-x86_64 0.2.2 NOTE
r-release-windows-ix86+x86_64 0.2.2 21.00 90.00 111.00 NOTE
r-oldrel-macos-x86_64 0.2.2 OK
r-oldrel-windows-ix86+x86_64 0.2.2 18.00 88.00 106.00 OK

Check Details

Version: 0.2.2
Check: LazyData
Result: NOTE
     'LazyData' is specified without a 'data' directory
Flavors: r-devel-linux-x86_64-debian-clang, r-devel-linux-x86_64-debian-gcc, r-devel-linux-x86_64-fedora-clang, r-devel-linux-x86_64-fedora-gcc, r-devel-windows-x86_64, r-devel-windows-x86_64-gcc10-UCRT, r-patched-linux-x86_64, r-patched-solaris-x86, r-release-linux-x86_64, r-release-macos-arm64, r-release-macos-x86_64, r-release-windows-ix86+x86_64