Last updated on 2025-01-20 00:48:35 CET.
Flavor | Version | Tinstall | Tcheck | Ttotal | Status | Flags |
---|---|---|---|---|---|---|
r-devel-linux-x86_64-debian-clang | 0.1.1 | 2.70 | 34.93 | 37.63 | OK | |
r-devel-linux-x86_64-debian-gcc | 0.1.1 | 1.47 | 27.63 | 29.10 | OK | |
r-devel-linux-x86_64-fedora-clang | 0.1.1 | 66.92 | NOTE | |||
r-devel-linux-x86_64-fedora-gcc | 0.1.1 | 76.40 | NOTE | |||
r-devel-windows-x86_64 | 0.1.1 | 6.00 | 63.00 | 69.00 | OK | |
r-patched-linux-x86_64 | 0.1.1 | 2.43 | 33.28 | 35.71 | OK | |
r-release-linux-x86_64 | 0.1.1 | 2.72 | 32.49 | 35.21 | OK | |
r-release-macos-arm64 | 0.1.1 | 30.00 | OK | |||
r-release-macos-x86_64 | 0.1.1 | 66.00 | OK | |||
r-release-windows-x86_64 | 0.1.1 | 6.00 | 68.00 | 74.00 | OK | |
r-oldrel-macos-arm64 | 0.1.1 | 34.00 | OK | |||
r-oldrel-macos-x86_64 | 0.1.1 | 56.00 | OK | |||
r-oldrel-windows-x86_64 | 0.1.1 | 6.00 | 63.00 | 69.00 | OK |
Version: 0.1.1
Check: dependencies in R code
Result: NOTE
Namespaces in Imports field not imported from:
‘badger’ ‘ggplot2’ ‘lubridate’ ‘scales’ ‘xgboost’
All declared Imports should be used.
Flavors: r-devel-linux-x86_64-fedora-clang, r-devel-linux-x86_64-fedora-gcc