CRAN Package Check Results for Package tidybins

Last updated on 2023-05-29 00:59:47 CEST.

Flavor Version Tinstall Tcheck Ttotal Status Flags
r-devel-linux-x86_64-debian-clang 0.1.0 2.39 42.61 45.00 OK
r-devel-linux-x86_64-debian-gcc 0.1.0 2.38 32.56 34.94 OK
r-devel-linux-x86_64-fedora-clang 0.1.0 60.39 NOTE
r-devel-linux-x86_64-fedora-gcc 0.1.0 73.67 NOTE
r-devel-windows-x86_64 0.1.0 5.00 63.00 68.00 OK
r-patched-linux-x86_64 0.1.0 2.77 40.33 43.10 OK
r-release-linux-x86_64 0.1.0 1.99 40.21 42.20 OK
r-release-macos-arm64 0.1.0 32.00 OK
r-release-macos-x86_64 0.1.0 44.00 OK
r-release-windows-x86_64 0.1.0 5.00 65.00 70.00 OK
r-oldrel-macos-arm64 0.1.0 22.00 NOTE
r-oldrel-macos-x86_64 0.1.0 36.00 NOTE
r-oldrel-windows-x86_64 0.1.0 6.00 63.00 69.00 OK

Check Details

Version: 0.1.0
Check: dependencies in R code
Result: NOTE
    Namespaces in Imports field not imported from:
     ‘badger’ ‘ggplot2’ ‘lubridate’ ‘scales’ ‘xgboost’
     All declared Imports should be used.
Flavors: r-devel-linux-x86_64-fedora-clang, r-devel-linux-x86_64-fedora-gcc, r-oldrel-macos-arm64, r-oldrel-macos-x86_64