CRAN Package Check Results for Package tidyboot

Last updated on 2021-10-15 00:49:20 CEST.

Flavor Version Tinstall Tcheck Ttotal Status Flags
r-devel-linux-x86_64-debian-clang 0.1.1 3.95 62.62 66.57 NOTE
r-devel-linux-x86_64-debian-gcc 0.1.1 3.03 47.17 50.20 NOTE
r-devel-linux-x86_64-fedora-clang 0.1.1 86.53 NOTE
r-devel-linux-x86_64-fedora-gcc 0.1.1 75.85 NOTE
r-devel-windows-x86_64 0.1.1 16.00 62.00 78.00 NOTE
r-devel-windows-x86_64-gcc10-UCRT 0.1.1 NOTE
r-patched-linux-x86_64 0.1.1 4.02 58.09 62.11 NOTE
r-patched-solaris-x86 0.1.1 107.40 NOTE
r-release-linux-x86_64 0.1.1 3.76 58.83 62.59 NOTE
r-release-macos-arm64 0.1.1 NOTE
r-release-macos-x86_64 0.1.1 NOTE
r-release-windows-ix86+x86_64 0.1.1 12.00 88.00 100.00 NOTE
r-oldrel-macos-x86_64 0.1.1 OK
r-oldrel-windows-ix86+x86_64 0.1.1 11.00 86.00 97.00 OK

Check Details

Version: 0.1.1
Check: LazyData
Result: NOTE
     'LazyData' is specified without a 'data' directory
Flavors: r-devel-linux-x86_64-debian-clang, r-devel-linux-x86_64-debian-gcc, r-devel-linux-x86_64-fedora-clang, r-devel-linux-x86_64-fedora-gcc, r-devel-windows-x86_64, r-devel-windows-x86_64-gcc10-UCRT, r-patched-linux-x86_64, r-patched-solaris-x86, r-release-linux-x86_64, r-release-macos-arm64, r-release-macos-x86_64, r-release-windows-ix86+x86_64