CRAN Package Check Results for Package tidycat

Last updated on 2021-10-17 00:48:53 CEST.

Flavor Version Tinstall Tcheck Ttotal Status Flags
r-devel-linux-x86_64-debian-clang 0.1.2 2.12 38.85 40.97 OK
r-devel-linux-x86_64-debian-gcc 0.1.2 1.84 30.15 31.99 OK
r-devel-linux-x86_64-fedora-clang 0.1.2 58.59 NOTE
r-devel-linux-x86_64-fedora-gcc 0.1.2 47.54 NOTE
r-devel-windows-x86_64 0.1.2 4.00 43.00 47.00 OK
r-devel-windows-x86_64-gcc10-UCRT 0.1.2 NOTE
r-patched-linux-x86_64 0.1.2 2.18 36.80 38.98 OK
r-patched-solaris-x86 0.1.2 71.90 NOTE
r-release-linux-x86_64 0.1.2 2.20 36.51 38.71 OK
r-release-macos-arm64 0.1.2 NOTE
r-release-macos-x86_64 0.1.2 NOTE
r-release-windows-ix86+x86_64 0.1.2 11.00 59.00 70.00 OK
r-oldrel-macos-x86_64 0.1.2 NOTE
r-oldrel-windows-ix86+x86_64 0.1.2 6.00 58.00 64.00 OK

Check Details

Version: 0.1.2
Check: dependencies in R code
Result: NOTE
    Namespace in Imports field not imported from: ‘tidyr’
     All declared Imports should be used.
Flavors: r-devel-linux-x86_64-fedora-clang, r-devel-linux-x86_64-fedora-gcc, r-devel-windows-x86_64-gcc10-UCRT, r-patched-solaris-x86, r-release-macos-arm64, r-release-macos-x86_64, r-oldrel-macos-x86_64