Last updated on 2023-09-27 00:10:22 CEST.
Flavor | Version | Tinstall | Tcheck | Ttotal | Status | Flags |
---|---|---|---|---|---|---|
r-devel-linux-x86_64-debian-clang | 1.4.4 | 15.05 | 105.35 | 120.40 | OK | |
r-devel-linux-x86_64-debian-gcc | 1.4.4 | 10.38 | 76.82 | 87.20 | OK | |
r-devel-linux-x86_64-fedora-clang | 1.4.4 | 144.21 | NOTE | |||
r-devel-linux-x86_64-fedora-gcc | 1.4.4 | 147.16 | NOTE | |||
r-devel-windows-x86_64 | 1.4.4 | 15.00 | 96.00 | 111.00 | OK | |
r-patched-linux-x86_64 | 1.4.4 | 14.07 | 97.36 | 111.43 | OK | |
r-release-linux-x86_64 | 1.4.4 | 15.43 | 98.82 | 114.25 | OK | |
r-release-macos-arm64 | 1.4.4 | 41.00 | OK | |||
r-release-macos-x86_64 | 1.5 | 160.00 | OK | |||
r-release-windows-x86_64 | 1.4.4 | 19.00 | 112.00 | 131.00 | OK | |
r-oldrel-macos-arm64 | 1.4.4 | 42.00 | OK | |||
r-oldrel-macos-x86_64 | 1.4.4 | 60.00 | OK | |||
r-oldrel-windows-x86_64 | 1.4.4 | 19.00 | 110.00 | 129.00 | OK |
Version: 1.4.4
Check: data for non-ASCII characters
Result: NOTE
Note: found 2 marked UTF-8 strings
Flavors: r-devel-linux-x86_64-fedora-clang, r-devel-linux-x86_64-fedora-gcc