CRAN Package Check Results for Package tidyclust

Last updated on 2024-06-14 00:54:02 CEST.

Flavor Version Tinstall Tcheck Ttotal Status Flags
r-devel-linux-x86_64-debian-clang 0.2.1 19.89 248.16 268.05 OK
r-devel-linux-x86_64-debian-gcc 0.2.1 0.55 1.66 2.21 ERROR
r-devel-linux-x86_64-fedora-clang 0.2.1 346.41 OK
r-devel-linux-x86_64-fedora-gcc 0.2.1 316.21 OK
r-devel-windows-x86_64 0.2.1 17.00 182.00 199.00 OK
r-patched-linux-x86_64 0.2.1 14.69 236.88 251.57 OK
r-release-linux-x86_64 0.2.1 13.92 231.87 245.79 OK
r-release-macos-arm64 0.2.1 89.00 OK
r-release-macos-x86_64 0.2.1 137.00 OK
r-release-windows-x86_64 0.2.1 17.00 189.00 206.00 OK
r-oldrel-macos-arm64 0.2.1 86.00 OK
r-oldrel-macos-x86_64 0.2.1 261.00 OK
r-oldrel-windows-x86_64 0.2.1 23.00 235.00 258.00 OK

Check Details

Version: 0.2.1
Check: package dependencies
Result: ERROR Packages required but not available: 'dials', 'dplyr', 'hardhat', 'modelenv', 'parsnip', 'rsample', 'tibble', 'tidyr', 'tune', 'vctrs' Packages suggested but not available for checking: 'ClusterR', 'clustMixType', 'klaR', 'modeldata', 'recipes', 'testthat', 'workflows' See section ‘The DESCRIPTION file’ in the ‘Writing R Extensions’ manual. Flavor: r-devel-linux-x86_64-debian-gcc