CRAN Package Check Results for Package tidycode

Last updated on 2023-09-30 00:56:21 CEST.

Flavor Version Tinstall Tcheck Ttotal Status Flags
r-devel-linux-x86_64-debian-clang 0.1.1 3.73 42.32 46.05 NOTE
r-devel-linux-x86_64-debian-gcc 0.1.1 3.06 32.12 35.18 NOTE
r-devel-linux-x86_64-fedora-clang 0.1.1 56.86 NOTE
r-devel-linux-x86_64-fedora-gcc 0.1.1 66.41 NOTE
r-devel-windows-x86_64 0.1.1 4.00 56.00 60.00 NOTE
r-patched-linux-x86_64 0.1.1 2.27 40.17 42.44 NOTE
r-release-linux-x86_64 0.1.1 2.37 39.98 42.35 NOTE
r-release-macos-arm64 0.1.1 28.00 NOTE
r-release-macos-x86_64 0.1.1 41.00 NOTE
r-release-windows-x86_64 0.1.1 6.00 59.00 65.00 NOTE
r-oldrel-macos-arm64 0.1.1 19.00 NOTE
r-oldrel-macos-x86_64 0.1.1 37.00 NOTE
r-oldrel-windows-x86_64 0.1.1 6.00 65.00 71.00 NOTE

Check Details

Version: 0.1.1
Check: LazyData
Result: NOTE
     'LazyData' is specified without a 'data' directory
Flavors: r-devel-linux-x86_64-debian-clang, r-devel-linux-x86_64-debian-gcc, r-devel-linux-x86_64-fedora-clang, r-devel-linux-x86_64-fedora-gcc, r-devel-windows-x86_64, r-patched-linux-x86_64, r-release-linux-x86_64, r-release-macos-arm64, r-release-macos-x86_64, r-release-windows-x86_64, r-oldrel-macos-arm64, r-oldrel-macos-x86_64, r-oldrel-windows-x86_64