CRAN Package Check Results for Package tidygenomics

Last updated on 2024-06-13 00:55:35 CEST.

Flavor Version Tinstall Tcheck Ttotal Status Flags
r-devel-linux-x86_64-debian-clang 0.1.2 23.42 75.60 99.02 NOTE
r-devel-linux-x86_64-debian-gcc 0.1.2 0.37 1.84 2.21 ERROR
r-devel-linux-x86_64-fedora-clang 0.1.2 130.56 NOTE
r-devel-linux-x86_64-fedora-gcc 0.1.2 137.49 NOTE
r-devel-windows-x86_64 0.1.2 19.00 89.00 108.00 NOTE
r-patched-linux-x86_64 0.1.2 20.37 69.93 90.30 NOTE
r-release-linux-x86_64 0.1.2 15.23 71.82 87.05 NOTE
r-release-macos-arm64 0.1.2 41.00 NOTE
r-release-macos-x86_64 0.1.2 64.00 NOTE
r-release-windows-x86_64 0.1.2 22.00 92.00 114.00 NOTE
r-oldrel-macos-arm64 0.1.2 44.00 NOTE
r-oldrel-macos-x86_64 0.1.2 67.00 NOTE
r-oldrel-windows-x86_64 0.1.2 27.00 104.00 131.00 NOTE

Check Details

Version: 0.1.2
Check: package subdirectories
Result: NOTE Problems with news in ‘NEWS.md’: Cannot extract version info from the following section titles: Initial Release (v0.1.0) Flavors: r-devel-linux-x86_64-debian-clang, r-devel-linux-x86_64-fedora-clang, r-devel-linux-x86_64-fedora-gcc, r-devel-windows-x86_64, r-patched-linux-x86_64, r-release-linux-x86_64, r-release-macos-arm64, r-release-macos-x86_64, r-release-windows-x86_64, r-oldrel-macos-arm64, r-oldrel-macos-x86_64, r-oldrel-windows-x86_64

Version: 0.1.2
Check: LazyData
Result: NOTE 'LazyData' is specified without a 'data' directory Flavors: r-devel-linux-x86_64-debian-clang, r-devel-linux-x86_64-fedora-clang, r-devel-linux-x86_64-fedora-gcc, r-devel-windows-x86_64, r-patched-linux-x86_64, r-release-linux-x86_64, r-release-macos-arm64, r-release-macos-x86_64, r-release-windows-x86_64, r-oldrel-macos-arm64, r-oldrel-macos-x86_64, r-oldrel-windows-x86_64

Version: 0.1.2
Check: package dependencies
Result: ERROR Packages required but not available: 'dplyr', 'purrr', 'tidyr', 'fuzzyjoin' Package suggested but not available for checking: ‘testthat’ See section ‘The DESCRIPTION file’ in the ‘Writing R Extensions’ manual. Flavor: r-devel-linux-x86_64-debian-gcc