Last updated on 2023-09-25 00:00:04 CEST.
Flavor | Version | Tinstall | Tcheck | Ttotal | Status | Flags |
---|---|---|---|---|---|---|
r-devel-linux-x86_64-debian-clang | 0.6.0 | 7.51 | 127.43 | 134.94 | OK | |
r-devel-linux-x86_64-debian-gcc | 0.6.0 | 4.43 | 95.59 | 100.02 | OK | |
r-devel-linux-x86_64-fedora-clang | 0.6.0 | 162.76 | NOTE | |||
r-devel-linux-x86_64-fedora-gcc | 0.6.0 | 169.81 | NOTE | |||
r-devel-windows-x86_64 | 0.6.0 | 10.00 | 132.00 | 142.00 | OK | |
r-patched-linux-x86_64 | 0.6.0 | 6.25 | 122.68 | 128.93 | OK | |
r-release-linux-x86_64 | 0.6.0 | 8.74 | 122.53 | 131.27 | OK | |
r-release-macos-arm64 | 0.6.0 | 71.00 | OK | |||
r-release-macos-x86_64 | 0.6.0 | 113.00 | OK | |||
r-release-windows-x86_64 | 0.6.0 | 12.00 | 154.00 | 166.00 | OK | |
r-oldrel-macos-arm64 | 0.6.0 | 63.00 | OK | |||
r-oldrel-macos-x86_64 | 0.6.0 | 88.00 | OK | |||
r-oldrel-windows-x86_64 | 0.6.0 | 12.00 | 141.00 | 153.00 | OK |
Version: 0.6.0
Check: data for non-ASCII characters
Result: NOTE
Note: found 182 marked UTF-8 strings
Flavors: r-devel-linux-x86_64-fedora-clang, r-devel-linux-x86_64-fedora-gcc