CRAN Package Check Results for Package tidylda

Last updated on 2021-10-18 00:48:31 CEST.

Flavor Version Tinstall Tcheck Ttotal Status Flags
r-devel-linux-x86_64-debian-clang 0.0.1 44.37 106.36 150.73 OK
r-devel-linux-x86_64-debian-gcc 0.0.1 37.78 79.76 117.54 OK
r-devel-linux-x86_64-fedora-clang 0.0.1 209.51 NOTE
r-devel-linux-x86_64-fedora-gcc 0.0.1 191.81 OK
r-devel-windows-x86_64 0.0.1 63.00 117.00 180.00 OK
r-devel-windows-x86_64-gcc10-UCRT 0.0.1 OK
r-patched-linux-x86_64 0.0.1 43.39 100.32 143.71 OK
r-patched-solaris-x86 0.0.1 234.00 OK
r-release-linux-x86_64 0.0.1 40.83 101.40 142.23 OK
r-release-macos-arm64 0.0.1 OK
r-release-macos-x86_64 0.0.1 OK
r-release-windows-ix86+x86_64 0.0.1 101.00 193.00 294.00 OK
r-oldrel-macos-x86_64 0.0.1 OK
r-oldrel-windows-ix86+x86_64 0.0.1 115.00 194.00 309.00 OK

Check Details

Version: 0.0.1
Check: Rd cross-references
Result: NOTE
    Undeclared package ‘slam’ in Rd xrefs
Flavor: r-devel-linux-x86_64-fedora-clang