CRAN Package Check Results for Package tidyrgee

Last updated on 2024-04-24 00:56:01 CEST.

Flavor Version Tinstall Tcheck Ttotal Status Flags
r-devel-linux-x86_64-debian-clang 0.1.0 14.49 104.33 118.82 OK
r-devel-linux-x86_64-debian-gcc 0.1.0 9.99 76.07 86.06 OK
r-devel-linux-x86_64-fedora-clang 0.1.0 147.42 NOTE
r-devel-linux-x86_64-fedora-gcc 0.1.0 142.91 NOTE
r-prerel-macos-arm64 0.1.0 43.00 OK
r-prerel-windows-x86_64 0.1.0 11.00 92.00 103.00 OK
r-patched-linux-x86_64 0.1.0 15.26 97.20 112.46 OK
r-release-linux-x86_64 0.1.0 7.94 101.50 109.44 OK
r-release-macos-arm64 0.1.0 46.00 OK
r-release-macos-x86_64 0.1.0 70.00 OK
r-release-windows-x86_64 0.1.0 16.00 108.00 124.00 OK
r-oldrel-macos-arm64 0.1.0 42.00 NOTE
r-oldrel-windows-x86_64 0.1.0 15.00 110.00 125.00 OK

Check Details

Version: 0.1.0
Check: dependencies in R code
Result: NOTE Namespace in Imports field not imported from: ‘reticulate’ All declared Imports should be used. Flavors: r-devel-linux-x86_64-fedora-clang, r-devel-linux-x86_64-fedora-gcc, r-oldrel-macos-arm64