CRAN Package Check Results for Package tidyseurat

Last updated on 2022-12-06 00:51:24 CET.

Flavor Version Tinstall Tcheck Ttotal Status Flags
r-devel-linux-x86_64-debian-clang 0.5.3 23.50 248.34 271.84 OK
r-devel-linux-x86_64-debian-gcc 0.5.3 20.20 191.96 212.16 OK
r-devel-linux-x86_64-fedora-clang 0.5.3 357.86 OK
r-devel-linux-x86_64-fedora-gcc 0.5.3 361.55 OK
r-devel-windows-x86_64 0.5.3 36.00 272.00 308.00 OK
r-patched-linux-x86_64 0.5.3 20.59 246.00 266.59 OK
r-release-linux-x86_64 0.5.3 17.23 249.40 266.63 OK
r-release-macos-arm64 0.5.3 99.00 NOTE
r-release-macos-x86_64 0.5.3 120.00 NOTE
r-release-windows-x86_64 0.5.3 92.00 278.00 370.00 OK
r-oldrel-macos-arm64 0.5.3 88.00 NOTE
r-oldrel-macos-x86_64 0.5.3 120.00 NOTE
r-oldrel-windows-ix86+x86_64 0.5.3 58.00 264.00 322.00 OK

Check Details

Version: 0.5.3
Check: package dependencies
Result: NOTE
    Package suggested but not available for checking: ‘SingleR’
Flavors: r-release-macos-arm64, r-release-macos-x86_64, r-oldrel-macos-arm64, r-oldrel-macos-x86_64