CRAN Package Check Results for Package tidystringdist

Last updated on 2023-10-03 01:05:07 CEST.

Flavor Version Tinstall Tcheck Ttotal Status Flags
r-devel-linux-x86_64-debian-clang 0.1.4 4.20 47.76 51.96 NOTE
r-devel-linux-x86_64-debian-gcc 0.1.4 3.48 35.24 38.72 NOTE
r-devel-linux-x86_64-fedora-clang 0.1.4 63.36 NOTE
r-devel-linux-x86_64-fedora-gcc 0.1.4 72.59 NOTE
r-devel-windows-x86_64 0.1.4 6.00 62.00 68.00 NOTE
r-patched-linux-x86_64 0.1.4 3.80 43.91 47.71 NOTE
r-release-linux-x86_64 0.1.4 4.43 44.84 49.27 NOTE
r-release-macos-arm64 0.1.4 32.00 NOTE
r-release-macos-x86_64 0.1.4 48.00 NOTE
r-release-windows-x86_64 0.1.4 6.00 64.00 70.00 NOTE
r-oldrel-macos-arm64 0.1.4 21.00 NOTE
r-oldrel-macos-x86_64 0.1.4 33.00 NOTE
r-oldrel-windows-x86_64 0.1.4 7.00 67.00 74.00 NOTE

Check Details

Version: 0.1.4
Check: LazyData
Result: NOTE
     'LazyData' is specified without a 'data' directory
Flavors: r-devel-linux-x86_64-debian-clang, r-devel-linux-x86_64-debian-gcc, r-devel-linux-x86_64-fedora-clang, r-devel-linux-x86_64-fedora-gcc, r-devel-windows-x86_64, r-patched-linux-x86_64, r-release-linux-x86_64, r-release-macos-arm64, r-release-macos-x86_64, r-release-windows-x86_64, r-oldrel-macos-arm64, r-oldrel-macos-x86_64, r-oldrel-windows-x86_64