CRAN Package Check Results for Package tidystringdist

Last updated on 2022-01-28 00:49:11 CET.

Flavor Version Tinstall Tcheck Ttotal Status Flags
r-devel-linux-x86_64-debian-clang 0.1.4 3.19 49.22 52.41 NOTE
r-devel-linux-x86_64-debian-gcc 0.1.4 2.98 37.10 40.08 NOTE
r-devel-linux-x86_64-fedora-clang 0.1.4 63.19 NOTE
r-devel-linux-x86_64-fedora-gcc 0.1.4 49.64 NOTE
r-devel-windows-x86_64-new-UL 0.1.4 44.00 77.00 121.00 NOTE
r-devel-windows-x86_64-new-TK 0.1.4 NOTE
r-patched-linux-x86_64 0.1.4 2.99 45.36 48.35 NOTE
r-release-linux-x86_64 0.1.4 2.09 45.58 47.67 NOTE
r-release-macos-arm64 0.1.4 NOTE
r-release-macos-x86_64 0.1.4 NOTE
r-release-windows-ix86+x86_64 0.1.4 8.00 56.00 64.00 NOTE
r-oldrel-macos-x86_64 0.1.4 OK
r-oldrel-windows-ix86+x86_64 0.1.4 8.00 58.00 66.00 OK

Check Details

Version: 0.1.4
Check: LazyData
Result: NOTE
     'LazyData' is specified without a 'data' directory
Flavors: r-devel-linux-x86_64-debian-clang, r-devel-linux-x86_64-debian-gcc, r-devel-linux-x86_64-fedora-clang, r-devel-linux-x86_64-fedora-gcc, r-devel-windows-x86_64-new-UL, r-devel-windows-x86_64-new-TK, r-patched-linux-x86_64, r-release-linux-x86_64, r-release-macos-arm64, r-release-macos-x86_64, r-release-windows-ix86+x86_64