Last updated on 2023-03-22 00:52:35 CET.
Flavor | Version | Tinstall | Tcheck | Ttotal | Status | Flags |
---|---|---|---|---|---|---|
r-devel-linux-x86_64-debian-clang | 0.5.7 | 7.75 | 127.40 | 135.15 | OK | |
r-devel-linux-x86_64-debian-gcc | 0.5.7 | 6.94 | 96.50 | 103.44 | OK | |
r-devel-linux-x86_64-fedora-clang | 0.5.7 | 170.53 | NOTE | |||
r-devel-linux-x86_64-fedora-gcc | 0.5.7 | 149.41 | NOTE | |||
r-patched-linux-x86_64 | 0.5.7 | 10.37 | 116.80 | 127.17 | OK | |
r-release-linux-x86_64 | 0.5.7 | 7.67 | 117.34 | 125.01 | OK | |
r-release-macos-arm64 | 0.5.7 | 49.00 | OK | |||
r-release-macos-x86_64 | 0.5.7 | 72.00 | OK | |||
r-release-windows-x86_64 | 0.5.7 | 145.00 | 153.00 | 298.00 | OK | |
r-oldrel-macos-arm64 | 0.5.7 | 61.00 | OK | |||
r-oldrel-macos-x86_64 | 0.5.7 | 74.00 | OK | |||
r-oldrel-windows-ix86+x86_64 | 0.5.7 | 18.00 | 173.00 | 191.00 | OK |
Version: 0.5.7
Check: data for non-ASCII characters
Result: NOTE
Note: found 4581 marked UTF-8 strings
Flavors: r-devel-linux-x86_64-fedora-clang, r-devel-linux-x86_64-fedora-gcc