CRAN Package Check Results for Package tinythemes

Last updated on 2024-07-16 00:56:14 CEST.

Flavor Version Tinstall Tcheck Ttotal Status Flags
r-devel-linux-x86_64-debian-clang 0.0.2 4.93 43.81 48.74 OK
r-devel-linux-x86_64-debian-gcc 0.0.2 4.15 34.16 38.31 OK
r-devel-linux-x86_64-fedora-clang 0.0.2 63.93 OK
r-devel-linux-x86_64-fedora-gcc 0.0.2 58.37 OK
r-devel-windows-x86_64 0.0.2 6.00 65.00 71.00 NOTE
r-patched-linux-x86_64 0.0.2 7.72 42.70 50.42 OK
r-release-linux-x86_64 0.0.2 4.23 40.51 44.74 OK
r-release-macos-arm64 0.0.2 23.00 OK
r-release-macos-x86_64 0.0.2 32.00 OK
r-release-windows-x86_64 0.0.2 6.00 54.00 60.00 OK
r-oldrel-macos-arm64 0.0.2 29.00 OK
r-oldrel-macos-x86_64 0.0.2 44.00 OK
r-oldrel-windows-x86_64 0.0.2 8.00 59.00 67.00 OK

Check Details

Version: 0.0.2
Check: Rd cross-references
Result: NOTE Found the following Rd file(s) with Rd \link{} targets missing package anchors: theme_ipsum_rc.Rd: ggplot2 Please provide package anchors for all Rd \link{} targets not in the package itself and the base packages. Flavor: r-devel-windows-x86_64