Last updated on 2023-12-11 00:49:23 CET.
Flavor | Version | Tinstall | Tcheck | Ttotal | Status | Flags |
---|---|---|---|---|---|---|
r-devel-linux-x86_64-debian-clang | 2.0.0 | 12.50 | 89.03 | 101.53 | NOTE | |
r-devel-linux-x86_64-debian-gcc | 2.0.0 | 10.12 | 69.38 | 79.50 | NOTE | |
r-devel-linux-x86_64-fedora-clang | 2.0.0 | 132.22 | OK | |||
r-devel-linux-x86_64-fedora-gcc | 2.0.0 | 120.13 | OK | |||
r-devel-windows-x86_64 | 2.0.0 | 11.00 | 82.00 | 93.00 | OK | |
r-patched-linux-x86_64 | 2.0.0 | 13.34 | 92.02 | 105.36 | OK | |
r-release-linux-x86_64 | 2.0.0 | 10.69 | 89.74 | 100.43 | OK | |
r-release-macos-arm64 | 2.0.0 | 38.00 | OK | |||
r-release-macos-x86_64 | 2.0.0 | 75.00 | OK | |||
r-release-windows-x86_64 | 2.0.0 | 15.00 | 97.00 | 112.00 | OK | |
r-oldrel-macos-arm64 | 2.0.0 | 42.00 | OK | |||
r-oldrel-macos-x86_64 | 2.0.0 | 58.00 | OK | |||
r-oldrel-windows-x86_64 | 2.0.0 | 14.00 | 99.00 | 113.00 | OK |
Version: 2.0.0
Check: Rd files
Result: NOTE
checkRd: (-1) estimateQ.Rd:22: Lost braces
22 | \item{SL.library}{specification of prediction algorithms, default is {(\sQuote{SL.glm}, \sQuote{SL.glmnet}, \sQuote{tmle.SL.dbarts2})}. In practice, including more prediction algorithms in the library improves results.}
| ^
checkRd: (-1) tmle.Sl.dbarts2.Rd:26: Lost braces
26 | \item{id}{id}{id to group observations, not used}
| ^
checkRd: (-1) tmle.Sl.dbarts2.Rd:51: Lost braces
51 | {object}{an object of type tmle.SL.dbarts2 used internally by \code{Super Learner}}
| ^
Flavors: r-devel-linux-x86_64-debian-clang, r-devel-linux-x86_64-debian-gcc