CRAN Package Check Results for Package tokenbrowser

Last updated on 2024-06-25 00:58:19 CEST.

Flavor Version Tinstall Tcheck Ttotal Status Flags
r-devel-linux-x86_64-debian-clang 0.1.5 27.56 44.31 71.87 NOTE
r-devel-linux-x86_64-debian-gcc 0.1.5 18.74 34.48 53.22 NOTE
r-devel-linux-x86_64-fedora-clang 0.1.5 103.91 NOTE
r-devel-linux-x86_64-fedora-gcc 0.1.5 98.09 NOTE
r-devel-windows-x86_64 0.1.5 21.00 79.00 100.00 NOTE
r-patched-linux-x86_64 0.1.5 19.94 43.48 63.42 NOTE
r-release-linux-x86_64 0.1.5 20.58 43.33 63.91 NOTE
r-release-macos-arm64 0.1.5 29.00 NOTE
r-release-macos-x86_64 0.1.5 44.00 NOTE
r-release-windows-x86_64 0.1.5 23.00 80.00 103.00 NOTE
r-oldrel-macos-arm64 0.1.5 35.00 NOTE
r-oldrel-macos-x86_64 0.1.5 50.00 NOTE
r-oldrel-windows-x86_64 0.1.5 28.00 90.00 118.00 NOTE

Check Details

Version: 0.1.5
Check: C++ specification
Result: NOTE Specified C++11: please drop specification unless essential Flavors: r-devel-linux-x86_64-debian-clang, r-devel-linux-x86_64-debian-gcc, r-devel-linux-x86_64-fedora-clang, r-devel-linux-x86_64-fedora-gcc, r-devel-windows-x86_64, r-patched-linux-x86_64, r-release-linux-x86_64, r-release-macos-arm64, r-release-macos-x86_64, r-release-windows-x86_64, r-oldrel-macos-arm64, r-oldrel-macos-x86_64, r-oldrel-windows-x86_64