Last updated on 2023-11-29 00:50:36 CET.
Flavor | Version | Tinstall | Tcheck | Ttotal | Status | Flags |
---|---|---|---|---|---|---|
r-devel-linux-x86_64-debian-clang | 0.3.5 | 9.24 | 147.14 | 156.38 | OK | |
r-devel-linux-x86_64-debian-gcc | 0.3.5 | 9.02 | 110.58 | 119.60 | OK | |
r-devel-linux-x86_64-fedora-clang | 0.3.5 | 196.10 | NOTE | |||
r-devel-linux-x86_64-fedora-gcc | 0.3.5 | 196.99 | NOTE | |||
r-devel-windows-x86_64 | 0.3.5 | 10.00 | 128.00 | 138.00 | OK | |
r-patched-linux-x86_64 | 0.3.5 | 7.62 | 137.96 | 145.58 | OK | |
r-release-linux-x86_64 | 0.3.5 | 6.89 | 139.81 | 146.70 | OK | |
r-release-macos-arm64 | 0.3.5 | 68.00 | OK | |||
r-release-macos-x86_64 | 0.3.5 | 107.00 | OK | |||
r-release-windows-x86_64 | 0.3.5 | 14.00 | 159.00 | 173.00 | OK | |
r-oldrel-macos-arm64 | 0.3.5 | 69.00 | NOTE | |||
r-oldrel-macos-x86_64 | 0.3.5 | 94.00 | NOTE | |||
r-oldrel-windows-x86_64 | 0.3.5 | 14.00 | 159.00 | 173.00 | OK |
Version: 0.3.5
Check: data for non-ASCII characters
Result: NOTE
Note: found 160 marked UTF-8 strings
Flavors: r-devel-linux-x86_64-fedora-clang, r-devel-linux-x86_64-fedora-gcc, r-oldrel-macos-arm64, r-oldrel-macos-x86_64