Last updated on 2023-05-29 00:59:47 CEST.
Flavor | Version | Tinstall | Tcheck | Ttotal | Status | Flags |
---|---|---|---|---|---|---|
r-devel-linux-x86_64-debian-clang | 0.2-14 | 15.91 | 129.68 | 145.59 | NOTE | |
r-devel-linux-x86_64-debian-gcc | 0.2-14 | 11.68 | 97.84 | 109.52 | NOTE | |
r-devel-linux-x86_64-fedora-clang | 0.2-14 | 184.28 | NOTE | |||
r-devel-linux-x86_64-fedora-gcc | 0.2-14 | 195.00 | NOTE | |||
r-devel-windows-x86_64 | 0.2-14 | 19.00 | 185.00 | 204.00 | NOTE | |
r-patched-linux-x86_64 | 0.2-14 | 14.66 | 130.64 | 145.30 | NOTE | |
r-release-linux-x86_64 | 0.2-14 | 13.80 | 129.69 | 143.49 | NOTE | |
r-release-macos-arm64 | 0.2-14 | 113.00 | NOTE | |||
r-release-macos-x86_64 | 0.2-14 | 202.00 | NOTE | |||
r-release-windows-x86_64 | 0.2-14 | 22.00 | 207.00 | 229.00 | NOTE | |
r-oldrel-macos-arm64 | 0.2-14 | 108.00 | NOTE | |||
r-oldrel-macos-x86_64 | 0.2-14 | 137.00 | NOTE | |||
r-oldrel-windows-x86_64 | 0.2-14 | 23.00 | 201.00 | 224.00 | NOTE |
Version: 0.2-14
Check: package dependencies
Result: NOTE
Package suggested but not available for checking: ‘corpus.JSS.papers’
Flavors: r-devel-linux-x86_64-debian-clang, r-devel-linux-x86_64-debian-gcc, r-devel-linux-x86_64-fedora-clang, r-devel-linux-x86_64-fedora-gcc, r-devel-windows-x86_64, r-patched-linux-x86_64, r-release-linux-x86_64, r-release-macos-arm64, r-release-macos-x86_64, r-release-windows-x86_64, r-oldrel-macos-arm64, r-oldrel-macos-x86_64, r-oldrel-windows-x86_64