CRAN Package Check Results for Package torch

Last updated on 2021-10-23 00:49:12 CEST.

Flavor Version Tinstall Tcheck Ttotal Status Flags
r-devel-linux-x86_64-debian-clang 0.6.0 555.18 211.31 766.49 OK
r-devel-linux-x86_64-debian-gcc 0.6.0 502.02 158.18 660.20 OK
r-devel-linux-x86_64-fedora-clang 0.6.0 1168.09 NOTE
r-devel-linux-x86_64-fedora-gcc 0.6.0 1296.46 OK
r-devel-windows-x86_64 0.6.0 767.00 378.00 1145.00 NOTE
r-devel-windows-x86_64-gcc10-UCRT 0.6.0 OK
r-patched-linux-x86_64 0.6.0 623.69 210.68 834.37 OK
r-patched-solaris-x86 0.6.0 1027.60 NOTE
r-release-linux-x86_64 0.6.0 612.32 209.06 821.38 OK
r-release-macos-arm64 0.5.0 NOTE
r-release-macos-x86_64 0.6.0 NOTE
r-release-windows-ix86+x86_64 0.6.0 1015.00 488.00 1503.00 NOTE
r-oldrel-macos-x86_64 0.6.0 NOTE
r-oldrel-windows-ix86+x86_64 0.6.0 1022.00 426.00 1448.00 NOTE

Additional issues

valgrind

Check Details

Version: 0.6.0
Check: installed package size
Result: NOTE
     installed size is 110.7Mb
     sub-directories of 1Mb or more:
     R 4.7Mb
     help 1.6Mb
     libs 103.8Mb
Flavors: r-devel-linux-x86_64-fedora-clang, r-devel-windows-x86_64, r-patched-solaris-x86, r-release-macos-x86_64, r-release-windows-ix86+x86_64, r-oldrel-macos-x86_64, r-oldrel-windows-ix86+x86_64

Version: 0.5.0
Check: installed package size
Result: NOTE
     installed size is 240.4Mb
     sub-directories of 1Mb or more:
     R 5.1Mb
     help 1.6Mb
     libs 233.2Mb
Flavor: r-release-macos-arm64