CRAN Package Check Results for Package tourr

Last updated on 2024-03-05 00:52:01 CET.

Flavor Version Tinstall Tcheck Ttotal Status Flags
r-devel-linux-x86_64-debian-clang 1.1.0 6.80 84.37 91.17 NOTE
r-devel-linux-x86_64-debian-gcc 1.1.0 5.73 63.55 69.28 NOTE
r-devel-linux-x86_64-fedora-clang 1.1.0 113.28 NOTE
r-devel-linux-x86_64-fedora-gcc 1.1.0 120.23 NOTE
r-devel-windows-x86_64 1.1.0 8.00 115.00 123.00 NOTE
r-patched-linux-x86_64 1.1.0 8.93 82.85 91.78 OK
r-release-linux-x86_64 1.1.0 6.80 82.56 89.36 OK
r-release-macos-arm64 1.1.0 62.00 OK
r-release-macos-x86_64 1.1.0 99.00 OK
r-release-windows-x86_64 1.1.0 10.00 130.00 140.00 OK
r-oldrel-macos-arm64 1.1.0 56.00 OK
r-oldrel-windows-x86_64 1.1.0 12.00 112.00 124.00 OK

Check Details

Version: 1.1.0
Check: Rd files
Result: NOTE checkRd: (-1) norm_bin.Rd:18: Lost braces in \itemize; meant \describe ? checkRd: (-1) norm_bin.Rd:19: Lost braces in \itemize; meant \describe ? Flavors: r-devel-linux-x86_64-debian-clang, r-devel-linux-x86_64-debian-gcc, r-devel-linux-x86_64-fedora-clang, r-devel-linux-x86_64-fedora-gcc, r-devel-windows-x86_64