CRAN Package Check Results for Package tracer

Last updated on 2023-09-23 00:54:08 CEST.

Flavor Version Tinstall Tcheck Ttotal Status Flags
r-devel-linux-x86_64-debian-clang 1.0.0 2.50 26.00 28.50 NOTE
r-devel-linux-x86_64-debian-gcc 1.0.0 2.09 20.40 22.49 NOTE
r-devel-linux-x86_64-fedora-clang 1.0.0 36.56 NOTE
r-devel-linux-x86_64-fedora-gcc 1.0.0 34.86 NOTE
r-devel-windows-x86_64 1.0.0 2.00 43.00 45.00 NOTE
r-patched-linux-x86_64 1.0.0 2.08 24.97 27.05 NOTE
r-release-linux-x86_64 1.0.0 2.32 25.80 28.12 NOTE
r-release-macos-arm64 1.0.0 22.00 NOTE
r-release-macos-x86_64 1.0.0 31.00 NOTE
r-release-windows-x86_64 1.0.0 3.00 42.00 45.00 NOTE
r-oldrel-macos-arm64 1.0.0 23.00 NOTE
r-oldrel-macos-x86_64 1.0.0 28.00 NOTE
r-oldrel-windows-x86_64 1.0.0 4.00 45.00 49.00 NOTE

Check Details

Version: 1.0.0
Check: LazyData
Result: NOTE
     'LazyData' is specified without a 'data' directory
Flavors: r-devel-linux-x86_64-debian-clang, r-devel-linux-x86_64-debian-gcc, r-devel-linux-x86_64-fedora-clang, r-devel-linux-x86_64-fedora-gcc, r-devel-windows-x86_64, r-patched-linux-x86_64, r-release-linux-x86_64, r-release-macos-arm64, r-release-macos-x86_64, r-release-windows-x86_64, r-oldrel-macos-arm64, r-oldrel-macos-x86_64, r-oldrel-windows-x86_64