Last updated on 2025-01-20 00:48:36 CET.
Flavor | Version | Tinstall | Tcheck | Ttotal | Status | Flags |
---|---|---|---|---|---|---|
r-devel-linux-x86_64-debian-clang | 1.2 | 14.16 | 107.42 | 121.58 | OK | |
r-devel-linux-x86_64-debian-gcc | 1.2 | 10.92 | 77.07 | 87.99 | OK | |
r-devel-linux-x86_64-fedora-clang | 1.2 | 201.54 | NOTE | |||
r-devel-linux-x86_64-fedora-gcc | 1.2 | 174.88 | NOTE | |||
r-devel-windows-x86_64 | 1.2 | 16.00 | 104.00 | 120.00 | OK | |
r-patched-linux-x86_64 | 1.2 | 14.48 | 98.46 | 112.94 | OK | |
r-release-linux-x86_64 | 1.2 | 14.63 | 98.39 | 113.02 | OK | |
r-release-macos-arm64 | 1.2 | 48.00 | OK | |||
r-release-macos-x86_64 | 1.2 | 76.00 | OK | |||
r-release-windows-x86_64 | 1.2 | 16.00 | 108.00 | 124.00 | OK | |
r-oldrel-macos-arm64 | 1.2 | 57.00 | OK | |||
r-oldrel-macos-x86_64 | 1.2 | 91.00 | OK | |||
r-oldrel-windows-x86_64 | 1.2 | 20.00 | 128.00 | 148.00 | OK |
Version: 1.2
Check: dependencies in R code
Result: NOTE
Namespaces in Imports field not imported from:
‘V8’ ‘colorspace’
All declared Imports should be used.
Flavors: r-devel-linux-x86_64-fedora-clang, r-devel-linux-x86_64-fedora-gcc