CRAN Package Check Results for Package trafo

Last updated on 2024-07-20 00:57:08 CEST.

Flavor Version Tinstall Tcheck Ttotal Status Flags
r-devel-linux-x86_64-debian-clang 1.0.1 9.41 68.78 78.19 NOTE
r-devel-linux-x86_64-debian-gcc 1.0.1 6.39 50.02 56.41 NOTE
r-devel-linux-x86_64-fedora-clang 1.0.1 104.31 NOTE
r-devel-linux-x86_64-fedora-gcc 1.0.1 102.05 NOTE
r-devel-windows-x86_64 1.0.1 10.00 75.00 85.00 NOTE
r-patched-linux-x86_64 1.0.1 9.10 65.01 74.11 NOTE
r-release-linux-x86_64 1.0.1 8.24 63.85 72.09 NOTE
r-release-macos-arm64 1.0.1 31.00 NOTE
r-release-macos-x86_64 1.0.1 51.00 NOTE
r-release-windows-x86_64 1.0.1 8.00 74.00 82.00 NOTE
r-oldrel-macos-arm64 1.0.1 32.00 NOTE
r-oldrel-macos-x86_64 1.0.1 51.00 NOTE
r-oldrel-windows-x86_64 1.0.1 10.00 81.00 91.00 NOTE

Check Details

Version: 1.0.1
Check: LazyData
Result: NOTE 'LazyData' is specified without a 'data' directory Flavors: r-devel-linux-x86_64-debian-clang, r-devel-linux-x86_64-debian-gcc, r-devel-linux-x86_64-fedora-clang, r-devel-linux-x86_64-fedora-gcc, r-devel-windows-x86_64, r-patched-linux-x86_64, r-release-linux-x86_64, r-release-macos-arm64, r-release-macos-x86_64, r-release-windows-x86_64, r-oldrel-macos-arm64, r-oldrel-macos-x86_64, r-oldrel-windows-x86_64